{"id":222520,"date":"2024-08-26T14:56:35","date_gmt":"2024-08-26T12:56:35","guid":{"rendered":"https:\/\/www.qxworld.eu\/events\/seasonal-series-welcome-to-our-autumn-vitality-webinar\/"},"modified":"2024-08-26T14:59:39","modified_gmt":"2024-08-26T12:59:39","slug":"seasonal-series-welcome-to-our-summer-radiance-webinar-4","status":"publish","type":"ajde_events","link":"https:\/\/www.qxworld.eu\/fr\/blog\/events\/seasonal-series-welcome-to-our-autumn-vitality-webinar\/","title":{"rendered":"S\u00e9rie saisonni\u00e8re - Bienvenue \u00e0 notre webinaire sur la vitalit\u00e9 en automne !"},"content":{"rendered":"<p id=\"agenda\">Alors que les feuilles commencent \u00e0 tomber et que la nature se pr\u00e9pare \u00e0 une p\u00e9riode d'introspection, l'automne nous invite \u00e0 accepter le changement et \u00e0 trouver l'\u00e9quilibre au milieu de la transformation. Dans le webinaire d'aujourd'hui, nous explorons les principes de la m\u00e9decine traditionnelle chinoise (MTC) pour d\u00e9couvrir comment nous pouvons aligner notre bien-\u00eatre sur l'essence de la saison automnale.<br><br>L'automne est associ\u00e9 \u00e0 l'\u00e9l\u00e9ment m\u00e9tal dans la MTC, symbolisant le raffinement, le l\u00e2cher-prise et l'importance du maintien de l'\u00e9quilibre. Les poumons et le gros intestin sont les organes li\u00e9s \u00e0 cette saison, qui nous aident \u00e0 cultiver la r\u00e9silience et la clart\u00e9 tout en naviguant dans les cycles naturels du changement.<br><br>Dans le cadre du Yin et du Yang, l'automne signifie une transition entre l'\u00e9nergie Yang expansive de l'\u00e9t\u00e9 et l'\u00e9nergie Yin qui se contracte. C'est le moment de nourrir notre corps avec des aliments r\u00e9chauffants et de soutenir le r\u00f4le vital des poumons dans la promotion de la vitalit\u00e9 et de la r\u00e9silience.<br><br>Rejoignez-nous pour explorer le pouvoir nourrissant des aliments d'automne et les principes de la MTC qui peuvent nous guider vers un bien-\u00eatre optimal pendant cette saison de transformation. Embrassons les rythmes naturels de l'automne et trouvons l'harmonie dans le corps et l'esprit.<br><br>Ensemble, accueillons les vents d'automne et cultivons le sens de l'\u00e9quilibre et de l'harmonie !<\/p>","protected":false},"author":530,"featured_media":222521,"menu_order":0,"comment_status":"closed","ping_status":"closed","template":"","meta":{"_acf_changed":false,"_seopress_robots_primary_cat":"","_seopress_titles_title":"","_seopress_titles_desc":"","_seopress_robots_index":""},"tags":[],"event_type":[194,98],"event_type_2":[],"class_list":["post-222520","ajde_events","type-ajde_events","status-publish","has-post-thumbnail","hentry","event_speaker-dr-igor-cetojevic","event_speaker-margret-margretardottir","event_type-seasonal-series","event_type-webinars"],"acf":[],"_links":{"self":[{"href":"https:\/\/www.qxworld.eu\/fr\/wp-json\/wp\/v2\/ajde_events\/222520","targetHints":{"allow":["GET"]}}],"collection":[{"href":"https:\/\/www.qxworld.eu\/fr\/wp-json\/wp\/v2\/ajde_events"}],"about":[{"href":"https:\/\/www.qxworld.eu\/fr\/wp-json\/wp\/v2\/types\/ajde_events"}],"author":[{"embeddable":true,"href":"https:\/\/www.qxworld.eu\/fr\/wp-json\/wp\/v2\/users\/530"}],"replies":[{"embeddable":true,"href":"https:\/\/www.qxworld.eu\/fr\/wp-json\/wp\/v2\/comments?post=222520"}],"wp:featuredmedia":[{"embeddable":true,"href":"https:\/\/www.qxworld.eu\/fr\/wp-json\/wp\/v2\/media\/222521"}],"wp:attachment":[{"href":"https:\/\/www.qxworld.eu\/fr\/wp-json\/wp\/v2\/media?parent=222520"}],"wp:term":[{"taxonomy":"post_tag","embeddable":true,"href":"https:\/\/www.qxworld.eu\/fr\/wp-json\/wp\/v2\/tags?post=222520"},{"taxonomy":"event_type","embeddable":true,"href":"https:\/\/www.qxworld.eu\/fr\/wp-json\/wp\/v2\/event_type?post=222520"},{"taxonomy":"event_type_2","embeddable":true,"href":"https:\/\/www.qxworld.eu\/fr\/wp-json\/wp\/v2\/event_type_2?post=222520"}],"curies":[{"name":"wp","href":"https:\/\/api.w.org\/{rel}","templated":true}]}}

Série saisonnière - Bienvenue à notre webinaire sur la vitalité en automne !

<p id="agenda">Alors que les feuilles commencent à tomber et que la nature se prépare à une période d'introspection, l'automne nous invite à accepter le changement et à trouver l'équilibre au milieu de la transformation. Dans le webinaire d'aujourd'hui, nous explorons les principes de la médecine traditionnelle chinoise (MTC) pour découvrir comment nous pouvons aligner notre bien-être sur l'essence de la saison automnale.<br><br>L'automne est associé à l'élément métal dans la MTC, symbolisant le raffinement, le lâcher-prise et l'importance du maintien de l'équilibre. Les poumons et le gros intestin sont les organes liés à cette saison, qui nous aident à cultiver la résilience et la clarté tout en naviguant dans les cycles naturels du changement.<br><br>Dans le cadre du Yin et du Yang, l'automne signifie une transition entre l'énergie Yang expansive de l'été et l'énergie Yin qui se contracte. C'est le moment de nourrir notre corps avec des aliments réchauffants et de soutenir le rôle vital des poumons dans la promotion de la vitalité et de la résilience.<br><br>Rejoignez-nous pour explorer le pouvoir nourrissant des aliments d'automne et les principes de la MTC qui peuvent nous guider vers un bien-être optimal pendant cette saison de transformation. Embrassons les rythmes naturels de l'automne et trouvons l'harmonie dans le corps et l'esprit.<br><br>Ensemble, accueillons les vents d'automne et cultivons le sens de l'équilibre et de l'harmonie !</p>
