{"id":211491,"date":"2024-02-14T12:21:28","date_gmt":"2024-02-14T10:21:28","guid":{"rendered":"https:\/\/www.qxworld.eu\/events\/seasonal-series-welcome-to-our-summer-radiance-webinar\/"},"modified":"2024-05-21T15:13:13","modified_gmt":"2024-05-21T13:13:13","slug":"sasongsserie-valkommen-till-vart-webbinarium-om-sommarutstralning-2","status":"publish","type":"ajde_events","link":"https:\/\/www.qxworld.eu\/sv\/blog\/events\/seasonal-series-welcome-to-our-summer-radiance-webinar\/","title":{"rendered":"Seasonal Series - V\u00e4lkommen till v\u00e5rt webbseminarium om Summer Radiance!"},"content":{"rendered":"<p>N\u00e4r solen n\u00e5r sitt zenit och naturen sl\u00e5r ut i full blom bjuder sommaren in oss att omfamna den v\u00e4rme och vitalitet som omger oss. I dagens webbinarium dyker vi ner i principerna f\u00f6r traditionell kinesisk medicin (TCM) f\u00f6r att uppt\u00e4cka hur vi kan harmonisera v\u00e5rt v\u00e4lbefinnande med sommars\u00e4songens energi.<br><br>Sommaren \u00e4r f\u00f6rknippad med eldelementet i TCM, som f\u00f6rkroppsligar ljusstyrka, v\u00e4rme och ut\u00e5triktad expansion. Hj\u00e4rtat och tunntarmen \u00e4r de organ som \u00e4r kopplade till denna \u00e5rstid och som v\u00e4gleder oss till<br>v\u00e5rda v\u00e5ra hj\u00e4rtan och uppr\u00e4tth\u00e5lla balansen mitt i den vibrerande energi som sommaren f\u00f6r med sig.<br><br>I konceptet med Yin och Yang lutar sommaren mot Yang-energi. Det inneb\u00e4r att vi m\u00e5ste fokusera p\u00e5 svalkande och \u00e5terfuktande livsmedel som hj\u00e4lper oss att h\u00e5lla balansen i v\u00e4rmen. Genom att anpassa v\u00e5r livsstil och v\u00e5ra kostval till TCM:s visdom kan vi f\u00f6rb\u00e4ttra v\u00e5r motst\u00e5ndskraft och utstr\u00e5la \u00e5rstidens energi.<br><br>F\u00f6lj med n\u00e4r vi utforskar sommarmatens n\u00e4rande kraft och de TCM-principer som kan v\u00e4gleda oss mot optimalt v\u00e4lbefinnande under denna \u00f6verfl\u00f6dets \u00e5rstid. L\u00e5t oss utnyttja utstr\u00e5lningen av<br>sommar och odla en k\u00e4nsla av vitalitet i sinne, kropp och sj\u00e4l.<br><br>L\u00e5t oss tillsammans skina klart och omfamna sommarens fulla kraft!<\/p>","protected":false},"author":4,"featured_media":211492,"menu_order":0,"comment_status":"closed","ping_status":"closed","template":"","meta":{"_acf_changed":false,"_seopress_robots_primary_cat":"","_seopress_titles_title":"","_seopress_titles_desc":"","_seopress_robots_index":""},"tags":[],"event_type":[194,98],"event_type_2":[],"class_list":["post-211491","ajde_events","type-ajde_events","status-publish","has-post-thumbnail","hentry","event_speaker-dr-igor-cetojevic","event_speaker-margret-margretardottir","event_type-seasonal-series","event_type-webinars"],"acf":[],"_links":{"self":[{"href":"https:\/\/www.qxworld.eu\/sv\/wp-json\/wp\/v2\/ajde_events\/211491","targetHints":{"allow":["GET"]}}],"collection":[{"href":"https:\/\/www.qxworld.eu\/sv\/wp-json\/wp\/v2\/ajde_events"}],"about":[{"href":"https:\/\/www.qxworld.eu\/sv\/wp-json\/wp\/v2\/types\/ajde_events"}],"author":[{"embeddable":true,"href":"https:\/\/www.qxworld.eu\/sv\/wp-json\/wp\/v2\/users\/4"}],"replies":[{"embeddable":true,"href":"https:\/\/www.qxworld.eu\/sv\/wp-json\/wp\/v2\/comments?post=211491"}],"wp:featuredmedia":[{"embeddable":true,"href":"https:\/\/www.qxworld.eu\/sv\/wp-json\/wp\/v2\/media\/211492"}],"wp:attachment":[{"href":"https:\/\/www.qxworld.eu\/sv\/wp-json\/wp\/v2\/media?parent=211491"}],"wp:term":[{"taxonomy":"post_tag","embeddable":true,"href":"https:\/\/www.qxworld.eu\/sv\/wp-json\/wp\/v2\/tags?post=211491"},{"taxonomy":"event_type","embeddable":true,"href":"https:\/\/www.qxworld.eu\/sv\/wp-json\/wp\/v2\/event_type?post=211491"},{"taxonomy":"event_type_2","embeddable":true,"href":"https:\/\/www.qxworld.eu\/sv\/wp-json\/wp\/v2\/event_type_2?post=211491"}],"curies":[{"name":"wp","href":"https:\/\/api.w.org\/{rel}","templated":true}]}}

Seasonal Series - Välkommen till vårt webbseminarium om Summer Radiance!

<p>När solen når sitt zenit och naturen slår ut i full blom bjuder sommaren in oss att omfamna den värme och vitalitet som omger oss. I dagens webbinarium dyker vi ner i principerna för traditionell kinesisk medicin (TCM) för att upptäcka hur vi kan harmonisera vårt välbefinnande med sommarsäsongens energi.<br><br>Sommaren är förknippad med eldelementet i TCM, som förkroppsligar ljusstyrka, värme och utåtriktad expansion. Hjärtat och tunntarmen är de organ som är kopplade till denna årstid och som vägleder oss till<br>vårda våra hjärtan och upprätthålla balansen mitt i den vibrerande energi som sommaren för med sig.<br><br>I konceptet med Yin och Yang lutar sommaren mot Yang-energi. Det innebär att vi måste fokusera på svalkande och återfuktande livsmedel som hjälper oss att hålla balansen i värmen. Genom att anpassa vår livsstil och våra kostval till TCM:s visdom kan vi förbättra vår motståndskraft och utstråla årstidens energi.<br><br>Följ med när vi utforskar sommarmatens närande kraft och de TCM-principer som kan vägleda oss mot optimalt välbefinnande under denna överflödets årstid. Låt oss utnyttja utstrålningen av<br>sommar och odla en känsla av vitalitet i sinne, kropp och själ.<br><br>Låt oss tillsammans skina klart och omfamna sommarens fulla kraft!</p>
